3 - 41*x**2/2 + 15*x. What is the remainder when o(18) is divided by 14?
11
Let l = 429 + -382. What is the remainder when l is divided by 26?
21
Suppose 0 = 287*b - 293*b + 42. Let l be 1/(1/1*-1). Calculate the remainder when b is divided by 6 + l + (-2 - -2).
2
Let o(b) = b**2 + 2*b. Let u(i) = 2*i**2 + 3*i. Let w(y) = 9*o(y) - 4*u(y). What is the remainder when (-35 - 8)*(-1)/1 is divided by w(-8)?
11
Suppose 30 = 2*l + l. Suppose -2*y = -4*n + 158, -5*y = -3*n - 2*y + 123. What is the remainder when n is divided by l?
8
Suppose 0 = 6*m - m - 265. Suppose 0*b + 2*b + s = 49, 2*b - 74 = 4*s. Calculate the remainder when m is divided by b.
26
Suppose 27 = 3*g - u - 44, -25 = -g + u. Let d = g - 16. Suppose -4*k = -63 - 9. What is the remainder when k is divided by d?
4
What is the remainder when 142 is divided by ((-21080)/(-465))/((-4)/(-6))?
6
Let c(i) = 2*i**3 + 2*i**2 - 4*i - 4. Let l be c(-2). Let z = l - -13. Calculate the remainder when z is divided by 5.
4
Let h be (-13 - 0) + (-8 - -12). Let s = 27 + h. Suppose -2*n - s = -78. Calculate the remainder when n is divided by 18.
12
Suppose 8*w - 3*w = -y + 390, 3*y - 15 = 0. Suppose -6*g + w + 97 = 0. What is the remainder when g is divided by 15?
14
Suppose -6*d = -11*d + 40. Suppose -j + 6 = 3*s, 3*j + s - 34 = -d. Let z(a) = 3*a - 39. Calculate the remainder when z(24) is divided by j.
6
Let b = -39 - -44. Suppose s + b*s - 6 = 0. Calculate the remainder when 10 is divided by s.
0
What is the remainder when 64 is divided by (5*-2)/(-5) + 91/7?
4
Let l(s) be the second derivative of s**3/3 + 13*s**2/2 + s + 1. Calculate the remainder when 35 is divided by l(-2).
8
Let a be (-2 + -1)/((-1)/(-28)). Calculate the remainder when ((-114)/(-8))/(6/16) is divided by a/(-9) - (-2)/3.
8
Let g be 4/3 - 12/(-18). What is the remainder when -6 + g - (-28)/2 is divided by 3?
1
Let r = -171 + 200. What is the remainder when 288 is divided by r?
27
Let r(c) = 42*c**2 - 3*c + 1. What is the remainder when 121 is divided by r(-1)?
29
Let n(f) = -3*f - 22. Let k be n(-12). Suppose k*v + 12 = 18*v. Calculate the remainder when 40 is divided by v.
1
Suppose -4*g + 46 = 3*u, 2*u + 3*g = 6 + 25. Calculate the remainder when 55 is divided by u.
13
Let q(i) = -i**3 - 6*i**2 + i + 3. Let d be q(-6). What is the remainder when 44 + ((-6)/2)/d - 1 is divided by 5?
4
Let t = 555 + -486. What is the remainder when t is divided by 9?
6
Suppose 0 = 32*m - 20*m - 1032. Calculate the remainder when 331 is divided by m.
73
Suppose -85*k - 4 = -86*k. Suppose 3*z - 47 = 2*r, 2*z + 42 = 4*z - k*r. What is the remainder when 24 is divided by z?
11
Let f = 518 - 212. Let s = f + -199. Calculate the remainder when s is divided by 54.
53
Let y = 1433 - 1215. Calculate the remainder when y is divided by 45.
38
Suppose -48*k + 5494 = 26*k - 2498. Suppose 3*m = 58 + 11. What is the remainder when k is divided by m?
16
Let z(i) = 2*i**2 + 54*i + 158. What is the remainder when 24 is divided by z(-24)?
10
Let q = 656 + -157. Calculate the remainder when q is divided by 20.
19
Calculate the remainder when 53 is divided by -4 + (-106)/(-9) - 4/(-18).
5
What is the remainder when ((1134/4)/(-9))/((-11)/22) is divided by 24?
15
Let l(t) = t**2 - 9*t + 16. Suppose -k - 4 = -11. What is the remainder when 6 is divided by l(k)?
0
Suppose 3*d = -4*j + 39 + 4, -j = d - 10. Calculate the remainder when 389 is divided by j.
12
Let l(r) = 4*r - 10. Let t be l(4). Suppose 7*a - t*a - 3 = 0. Suppose -k - a*k = -108. Calculate the remainder when k is divided by 7.
6
Let c(o) = 5*o**2 + o. What is the remainder when -4*(-1)/((-8)/(-86)) is divided by c(2)?
21
Suppose -39 = 5*r - 154. What is the remainder when r is divided by 23?
0
Let o(n) = -19*n + 377. Calculate the remainder when 140 is divided by o(19).
12
Let s be (-2)/2*2/1. Suppose -3*l + 3 + 15 = 0. What is the remainder when s*(-9)/l + 0 is divided by 3?
0
What is the remainder when (-6)/(-10) + (-51702)/(-105) - -1 is divided by 31?
29
Let v = 346 - 339. What is the remainder when 179 is divided by v?
4
Suppose -3*h - 9 = -3*j + j, -5*h = -4*j + 17. Suppose -6*u - j*r + 484 = -2*u, -484 = -4*u + 2*r. Calculate the remainder when u is divided by 61.
60
Suppose 115*y = 114*y + 10. Let b(d) = -11*d + 3. Calculate the remainder when b(-6) is divided by y.
9
Let m be (-1 - -1)/(9/(-9)). Suppose m = -2*s + 8, u + 0*s + 2*s - 16 = 0. Calculate the remainder when 21 is divided by u.
5
Let h = -447 + 464. What is the remainder when 50 is divided by h?
16
Suppose 2*h - 36 = 26. Suppose -115 = -z + 3*i, 3*z - i - 509 + 156 = 0. Suppose 5*j - 7*j + z = 0. What is the remainder when j is divided by h?
28
Suppose -21*d = -11*d - 410. Calculate the remainder when 203 is divided by d.
39
Let x(z) = -z**2 + 32*z - 30. Calculate the remainder when x(24) is divided by 42.
36
Suppose -3*u - 15 = -8*u. Calculate the remainder when (u/(-2))/((-22)/44) is divided by 2.
1
What is the remainder when 146 is divided by 3/1 - (-32 - -30)?
1
Let t = 239 + -92. What is the remainder when t is divided by 50?
47
Let d(b) = 2*b - 1. Let s(v) = v**2 + 4*v - 6. Let u be s(-6). Suppose -4*h + 77 = -3*i - 8, -2*h - 2*i = -32. What is the remainder when h is divided by d(u)?
8
Let h(l) = 8*l + 112. What is the remainder when 62 is divided by h(-12)?
14
Let g(l) = 7*l - 5. Let u = 24 - 2. Calculate the remainder when g(16) is divided by u.
19
Suppose 3*j = 2 + 7. Suppose j*o - 53 = 19. What is the remainder when (-136)/(-3) - 4/(-6) is divided by o?
22
Suppose 5*p = -x + 2238, 25*p - 4*x = 20*p + 2223. What is the remainder when p is divided by 45?
42
What is the remainder when (-62)/(2*4/(-32)) is divided by 72?
32
Suppose -295*i + 299*i - 4404 = 0. What is the remainder when i is divided by 48?
45
Let i(t) = -t**2 - 8*t + 8. Calculate the remainder when ((-638)/33)/(2/(-6)) is divided by i(-7).
13
Suppose -6*o = -2*o - 44. What is the remainder when 20/25*(-1 - -51) is divided by o?
7
Let y = -432 + 430. Let p(z) = 26*z - 8. Let l(v) = 27*v - 8. Let r(x) = 5*l(x) - 6*p(x). What is the remainder when r(y) is divided by 13?
11
Suppose m - 4*y = 36, -4*m + 59 = y - 0*y. Calculate the remainder when 30 is divided by 18/(-24)*-2*m/3.
6
Calculate the remainder when 313/21 - (-12)/126 is divided by 9.
6
Suppose 39*u + 7*u = 4738. What is the remainder when u is divided by 48?
7
Let x(i) = i**3 + 8*i**2 + 16*i + 38. What is the remainder when 226 is divided by x(-5)?
28
Let o(a) = 9*a - 13*a - 1 - 1 - 25*a**2 + 5*a. Let l be o(1). Let k = 13 - l. Calculate the remainder when k is divided by 20.
19
Let k = -619 + 1031. Calculate the remainder when k is divided by 46.
44
What is the remainder when 328 is divided by ((-78)/(-364) - 6/(-21))*218?
1
Suppose 6*h - 5*f = 2*h + 24, 3*f + 30 = 5*h. What is the remainder when (-3)/9 + (-58)/(-3) is divided by h?
1
Let a(t) = -t**3 - 3*t**2 + t - 2. Suppose -2*n + 4*b = -26, -2*b + 16 = 4*n + 2*b. Let d = -11 + n. Calculate the remainder when 28 is divided by a(d).
8
Let g(i) = 3*i**2 - 7*i + 7. Calculate the remainder when 11 is divided by g(2).
1
Let w = -443 + 642. What is the remainder when w is divided by 53?
40
Let u = 243 - 231. What is the remainder when u is divided by 4 + (-2 - (-2 + -1))?
2
Suppose -5*u + 62 + 11 = 2*v, 0 = -v - 1. Calculate the remainder when 17 is divided by u.
2
Suppose -3*t = 2*x - 31, -2*t - 1 = -2*x + t. Calculate the remainder when (-465)/(-10)*x/12 is divided by 17.
14
Calculate the remainder when 171 is divided by ((-4)/(-30) + (-575)/1500)*-16.
3
Let u(m) = -m + 2*m + 2*m + 2*m**2. Suppose 20 = -0*d - 5*d. Calculate the remainder when u(d) is divided by 12.
8
Let r = -39 + 47. Let n = 14 - -21. Suppose r*w = 3*w + n. What is the remainder when 25 is divided by w?
4
Suppose -2*y - y = -66. Suppose -4*f + 437 = g, 3*f + 2*g = -2*f + 547. Calculate the remainder when f is divided by y.
21
Suppose 21*y - 18*y - 229 = 5*q, -4*y - q = -290. Let a = -43 + 13. Let o = a - -67. Calculate the remainder when y is divided by o.
36
Let q = -57 - -131. Calculate the remainder when 369 is divided by q.
73
Let i = 608 + -280. Calculate the remainder when i is divided by 33.
31
Suppose -26*z + 18*z + 1736 = 0. Let l = -93 + z. What is the remainder when l is divid